= 13*t - 4138 + 1330. What is the remainder when t is divided by 31?
30
Calculate the remainder when 252 is divided by (4/(-9))/4 + (-11749)/(-279).
0
Suppose -18*n + 21*n - 4*m - 720 = 0, -4*n = -3*m - 960. Calculate the remainder when n is divided by 52.
32
Let b = 41 - 43. Let f be 0*(2/3)/(b/3). Suppose 2*z + f - 4 = 0. What is the remainder when 2 is divided by z?
0
Let t(v) = -2*v**3 + 18*v**2 + 59*v - 373. Calculate the remainder when 3345 is divided by t(10).
13
Let o = -15436 + 15459. What is the remainder when 606 is divided by o?
8
Suppose -2*c + 232 = 5*b, 76 + 28 = 2*b - 2*c. Calculate the remainder when 404 is divided by b.
20
Suppose -223*m + 2938 = -110*m. What is the remainder when 673 is divided by m?
23
Suppose -2*z = 4*o + 26 - 102, 0 = -3*z. What is the remainder when 486 is divided by o?
11
Let h(v) = 3 + 6*v + 3 + 7 - v + v**2. Suppose 39*o - 66 = 50*o. Calculate the remainder when 74 is divided by h(o).
17
Let p(t) = -2*t - 3. Let z be p(-2). What is the remainder when 45 + (-1)/(z/2) is divided by (-3)/((-24)/(-51)*(-234)/624)?
9
Suppose -38*c + 30742 = 3610. Calculate the remainder when c is divided by 8.
2
Let z be (-4)/1*2*(-20)/32. Suppose z = 5*f + 2*d - 1, -3*f + 4 = d. What is the remainder when f*8 + (9 - 4) + -3 is divided by 11?
7
Suppose 13*b = 17*b - 32. Let q(c) = 3 - 4*c - b*c + 11*c. Calculate the remainder when 36 is divided by q(-12).
6
Let p(s) = -103*s + 2079. What is the remainder when 3145 is divided by p(18)?
220
Let l = -10 - -37. Let g = l - 23. What is the remainder when (-40)/(-30)*39/4 is divided by g?
1
Suppose 4*v = 5*v + 41. Let k = v + 62. What is the remainder when k is divided by 12?
9
Suppose 27 = r + 22. Suppose 617 = r*c + 362. Calculate the remainder when c is divided by 13.
12
Let x be 6/18 - 74/(-3). Let b(v) = v + 0*v + x*v**2 + 3*v - 3*v. What is the remainder when 47 is divided by b(1)?
21
Let i be (-1*11)/(3*(-4)/12). Let o = 26 - i. Suppose -212 = -o*a + 11*a. What is the remainder when a is divided by 16?
5
What is the remainder when (1768/(-1326))/((-2)/381) is divided by 81?
11
Suppose z = 3*c - 406, -19*c + 17*c = -2*z - 272. Suppose 0 = 2*k - 23 - 47. Calculate the remainder when c is divided by k.
30
Suppose -5*x + 20 = -g, -g + 2*x = 7*x - 20. Suppose g = 3*k - 7*b + 3*b - 383, k - 131 = -2*b. Calculate the remainder when k is divided by 44.
41
Suppose j - 214 = -2*r, 0 = j + 4*r - 0*r - 204. Suppose -5*l - j = -b, -9*b = -8*b - l - 216. What is the remainder when b is divided by 24?
22
What is the remainder when (18/15)/(270/70650) is divided by 281?
33
Suppose -155 = j - 440. Let s = 4681 - 4640. What is the remainder when j is divided by s?
39
Suppose -8417 = -11*v - 8*v. What is the remainder when v is divided by 251?
192
Suppose 4*b - 3*i = 3, -b - 3*i - 60 = -72. Let w(n) = 15*n**2 - 5*n + 10. Calculate the remainder when w(b) is divided by 22.
20
Let j(p) = 12*p - 59. Let n be j(6). Let m(y) = 16*y + 14. Let b(g) = -8*g - 7. Let w(v) = n*b(v) + 6*m(v). Calculate the remainder when 28 is divided by w(-3).
11
Suppose 6*x = 4*n + 7*x - 107, -2*n + 3*x + 71 = 0. Suppose -12*h - n*h = -3080. Calculate the remainder when 614 is divided by h.
75
Let o(s) = s**2 + 27*s - 1408. Calculate the remainder when o(29) is divided by 7.
6
Suppose 0 = 176*k - 187*k + 55. Calculate the remainder when 460 is divided by k.
0
Let i(o) = -o + 6. Let m be i(4). Suppose 0 = -12*q + 844 + 1040. Calculate the remainder when q is divided by (m - 42)*(-4)/8.
17
Let m(c) = -c**2 - 127*c - 830. Calculate the remainder when 447 is divided by m(-7).
7
Suppose a = 3*j - 24, -4*j + 1 = -5*a - 20. Suppose -j*p = 2*p - 2673. What is the remainder when p is divided by 35?
33
Suppose -4*n + 6*n = 4*f - 14, -4*f = 3*n - 29. Suppose -j - 27 = f*b - 278, -3*b = 2*j - 502. What is the remainder when j is divided by 28?
27
Suppose 0 = 3*h - 4*u - 449, -4*h - 233 = 4*u - 869. Let a = h - -42. What is the remainder when a is divided by 29?
23
Suppose 6 = o, -17*p + 3*o = -13*p - 358. Calculate the remainder when p is divided by 26.
16
Suppose -2*a - 2*a + 95 = -3*h, 14*a - 318 = -4*h. Let f = 173 - 108. Calculate the remainder when f is divided by a.
19
Suppose 0 = -3*c - 9, f - 25*c = -20*c + 283. Calculate the remainder when 620 is divided by f.
84
Suppose -h + 342 = 2*h - 5*y, 0 = 3*y. Calculate the remainder when h is divided by (-6425)/(-150) + -4 + 6/(-72)*-2.
36
Let h = 512 - 505. Suppose 0 = h*c + 18 - 116. Calculate the remainder when 175 is divided by c.
7
Let o = 4497 + -4455. Let f(j) = 209*j. Let c(y) = -y - 11. Let k be c(-12). What is the remainder when f(k) is divided by o?
41
Suppose 0 = 8*d - 693 - 227. Let s = -95 + d. What is the remainder when 76 is divided by s?
16
Let l(y) = -2*y**3 - 21*y**2 + 5*y - 21. Let d(a) = -2*a**3 + 7*a**2 + 2*a - 3. Let g be d(4). Calculate the remainder when 82 is divided by l(g).
37
Suppose -284*x = -285*x + v + 13, 0 = -5*x - 3*v + 89. What is the remainder when 650 is divided by x?
10
Let s be 30 + (7 - 4)/3. Suppose -28*w = -s*w + 252. Suppose -33 = -m - 8. Calculate the remainder when w is divided by m.
9
Let m = -1881 + 1928. Calculate the remainder when 1803 is divided by m.
17
Let b(a) = a**3 - 20*a**2 - 2*a + 50. Let y be b(20). Suppose -3*t + 2*u = 4*u - y, -u + 20 = 4*t. What is the remainder when 77 is divided by t?
5
Suppose h + 10403 - 10622 = 0. Calculate the remainder when h is divided by 75.
69
Suppose -3*i - 4*g + 32 = 0, i + 3*g + 1 = 4*g. Calculate the remainder when 5/40*i + (-412)/(-8) is divided by 28.
24
Let n = -776 + 1253. Calculate the remainder when n is divided by 240.
237
Calculate the remainder when 1219*(135/63 - (-72)/(-63)) is divided by 136.
131
Suppose -3*i + 934*b - 935*b + 9120 = 0, 4*i + b = 12159. Calculate the remainder when i is divided by 76.
75
Suppose 3777 - 846 = 3*w. Suppose 0 = 3*g + 562 + w. What is the remainder when 16 is divided by 1/2 - (g/6)/9?
6
What is the remainder when 32 + (-188238)/(-7) - 2/14 is divided by 17?
12
Let m = -1698 + 1760. Calculate the remainder when 366 is divided by m.
56
Let k(w) = -w**3 - 8*w**2 - 3*w - 9. Let c be k(-8). Suppose c*m + 76 = -4*m. What is the remainder when (307/m)/(1/(-8)*2) is divided by 44?
43
Suppose -a + 312 = 6*q, 4*a - 16*q - 1409 = -17*q. Calculate the remainder when a is divided by 223.
131
Let j = 109 + -101. Let h be (j/10)/(6/15). Suppose -4*y + m = h*m - 64, 59 = 3*y - 2*m. What is the remainder when y is divided by 4?
1
Let s(t) = -9*t - 40. Suppose 165 = -11*i + 22*i. Suppose -i*d - 30 = -12*d. Calculate the remainder when s(d) is divided by 13.
11
Let d = -2531 + 2861. Calculate the remainder when d is divided by 70.
50
What is the remainder when ((6/5)/3)/(43/32035) is divided by (-5)/(-40) - 159/(-8)?
18
Calculate the remainder when ((-3)/(-15))/(2/2290) is divided by 57.
1
Suppose -64*z = -61*z + 3. Let s be -8 + (z - -5) - -3. Calculate the remainder when -1*(s - 45/6)*2 is divided by 6.
5
Let b(s) = s**2 - s - 2. Let p be b(-2). Suppose -g - 105 = -p*g. What is the remainder when g is divided by (30/(-12) + -2)*-4?
17
Let i = 575 - 977. Let h = 460 + i. Calculate the remainder when 143 is divided by h.
27
Let k be (-64)/(-160) - (-3)/5. Suppose -3*h + 1 = -38. Suppose 0 = -2*j + k + h. What is the remainder when 27 is divided by j?
6
Let o(q) = -46*q + 729. Let t(j) = j**3 + 11*j**2 + 10*j + 6. What is the remainder when t(-7) is divided by o(15)?
15
Let u = -49 - 5. What is the remainder when 64 is divided by u/(-10) - -9*(-7)/(-105)?
4
Suppose 28*u = -70*u + 54972 - 6952. What is the remainder when u is divided by 120?
10
Let i(b) = 2*b**2 + 896*b + 7095. Calculate the remainder when 3967 is divided by i(-8).
7
Let i(j) = -j**3 + 97*j**2 + 1037*j - 8753. Let q = -3 + 13. Calculate the remainder when i(106) is divided by q.
5
Let m(z) = 3*z**2 + 18*z - 94. Suppose 10*q - 14 = 66. Calculate the remainder when m(q) is divided by 27.
26
Suppose 3*s - s = 12. Suppose 0 = -u + 3*u - 4*a - s, -5*a = 2*u - 15. Suppose 375*p = -106*p + 11063. Calculate the remainder when p is divided by u.
3
Let s = 13787 + -12213. Calculate the remainder when s is divided by 9.
8
Let c(h) = 34*h**2 + 597*h - 143. Calculate the remainder when 166 is divided by c(